Let b be f(4). Suppose -o + b*t - 2 = 2*t, 3*o = t + 38. Is 5 a factor of o?
False
Suppose 3*s - 60 - 33 = 0. Let i = -19 + s. Is i a multiple of 12?
True
Let a = -1 + 31. Suppose -6*v + o - 18 = -3*v, 5*v + a = 5*o. Is (-26)/v + 3/(-9) a multiple of 4?
True
Let i(v) = -2*v + 2. Let x be 2/(2*3/(-15)). Let l = -7 - x. Is i(l) a multiple of 6?
True
Let i = 10 + -6. Let k be (-4)/(-6) + (-912)/(-9). Suppose 0 = 4*w - 2*z - k, i*w = -w + 5*z + 135. Is 12 a factor of w?
True
Suppose 0 = -5*h + 15, 0 = -4*k + 3*k + 4*h + 113. Is k a multiple of 5?
True
Let y(s) = 6*s - 4. Let z(d) = -6. Let n(m) = -m. Let o(a) = 3*n(a) + z(a). Let b be o(-4). Is y(b) a multiple of 16?
True
Suppose -5 = -x + 6*x. Let j be 0 + 3 + 0/x. Suppose -3*f - 3*y = -90, j*y - 142 = -6*f + f. Is 23 a factor of f?
False
Suppose 0 = f - 2*m - 35, 0 = 3*f - f - 5*m - 66. Is 5 a factor of f?
False
Let i be 84/39 - (-6)/(-39). Let v(z) = z**2 + 2*z. Does 3 divide v(i)?
False
Suppose 3*x = 87 + 180. Suppose 0 = 4*n + o - x, 0 = 3*n - n + o - 45. Suppose 0 = q - 2*q + n. Is 10 a factor of q?
False
Let l = 13 - -3. Does 6 divide l?
False
Let r = -1 - -101. Is 5 a factor of r?
True
Let t(r) = 5*r**2 - 9*r - 9. Let h = 10 + -16. Let f be t(h). Suppose 5*d + 20 = f. Is d a multiple of 14?
False
Suppose 21*z = 23*z - 212. Is 8 a factor of z?
False
Suppose -5*y - m + 716 = 0, -5*m + 700 = y + 4*y. Does 10 divide y?
False
Suppose -2*s + 4*s = 0. Suppose -2 = -h - s. Is (h/5)/(2/110) a multiple of 11?
True
Suppose 6 = 3*j - 5*j. Does 2 divide j/((-9)/(-4))*-3?
True
Let w(q) = -q**2 + 4*q + 3. Suppose 3*l - 7 - 8 = 0. Let s be w(l). Does 5 divide (-22)/4*(s - 0)?
False
Let i = 1 - -1. Let s(f) = i + 6*f**3 - 3 - 3*f**3 + f - f**2 - f**2. Does 17 divide s(2)?
True
Let d be (-1 + 1 - -10)*1. Let h be (-4)/d - (-14)/35. Let j(z) = z**3 - z + 8. Is j(h) a multiple of 4?
True
Let s be ((-20)/8)/(3/(-18)). Does 15 divide s/((-3)/(-3 + -3))?
True
Let o(l) = l - 4. Let t be o(6). Suppose 32 + 28 = t*a. Is a a multiple of 12?
False
Suppose 0 = -5*y + 2 - 7. Is 22 + y - (7 - 9) a multiple of 6?
False
Suppose -5*v = -3*j - v - 2, j - v = 0. Suppose -2*l - 5*t - 1 = 0, j*l - 5*l = -2*t - 46. Does 10 divide l?
False
Suppose m - 119 - 6 = 0. Is m a multiple of 34?
False
Let b = -74 - -103. Suppose o - 3*a = 7, 2*o - b = -a + 4*a. Let s = 52 - o. Is s a multiple of 15?
True
Let j = -92 + 216. Is j a multiple of 31?
True
Let t = -289 - -418. Does 14 divide t?
False
Let w(i) = 13*i + 3. Does 12 divide w(3)?
False
Let i(h) = -23*h - 2. Let a be i(-1). Is 8 a factor of 174/a - 4/14?
True
Let n be 792/(-30) - (-6)/(-10). Let i = n + 68. Suppose 161 - i = 5*x. Is 12 a factor of x?
True
Let j be ((-3)/4)/(4/16). Let y(o) = -o**3 - 5*o**2 - 4*o - 2. Let k be y(-5). Is ((-156)/k)/(1/j) a multiple of 13?
True
Let s = -7 + 9. Suppose -s*x - 4*i = -6*x + 24, -3*i = x - 22. Is 10 a factor of x?
True
Let a be ((-1)/2)/(2/(-12)). Suppose -2*w + k = -w - 6, -4*w - 4 = a*k. Is 7 a factor of (3 + 12/3)*w?
True
Let i = 89 + -26. Is 7 a factor of i?
True
Let l = 274 - 169. Is 17 a factor of l?
False
Let b(u) be the first derivative of 0*u**2 + 8*u + 7/3*u**3 + 1/4*u**4 - 2. Is 8 a factor of b(-7)?
True
Let k(i) = -7 - 4*i + 7*i + 3. Let w be k(3). Suppose 2*x + 1 - 11 = -w*p, 0 = 2*p. Does 2 divide x?
False
Suppose -4*s + 135 = -7*s. Let b = -31 - s. Let z = b - 4. Is 9 a factor of z?
False
Suppose -3*j = -6*j + 6. Suppose -j*x = q, 3*q = -2*q + 3*x + 26. Suppose -3*c + 2*p + 1 = -0, -q*c + 4 = -2*p. Does 2 divide c?
False
Let n = -20 + -15. Let d = -13 - n. Is d a multiple of 7?
False
Let q = -86 + 157. Is q a multiple of 42?
False
Let a(o) = -o**2 + o + 2. Let f be a(0). Suppose f*u - 1 - 35 = 0. Let r = 13 + u. Is r a multiple of 16?
False
Suppose -j - 15 = -2*f, -4*j + 20 = 2*f - 0. Is f even?
True
Let o = -4 + 2. Suppose -3*b + 5*j + 0*j = -37, -b - 4*j = 16. Is 6 a factor of 15/o*b/(-5)?
True
Suppose -1 = 2*r - r. Is (-37)/r - 1/(-1) a multiple of 19?
True
Let m(n) = -n**3 + 14*n**2 + 10*n + 14. Is 31 a factor of m(13)?
False
Let r be (-4)/8*2 + 31. Suppose 2*k - k = r. Is k a multiple of 13?
False
Let x be -4*(-1)/(-6)*-21. Suppose 0 = 2*t - x - 26. Does 5 divide t?
True
Let t = 21 + -15. Is t a multiple of 2?
True
Suppose 6*q - 4*q = 3*y - 84, 5*y - 140 = -2*q. Does 7 divide y?
True
Let z = 75 + -28. Is 10 a factor of z?
False
Let t(c) be the second derivative of c**3/6 - c**2 - 3*c. Let s be t(-2). Let w(i) = -i**3 - 4*i**2 - 4*i - 5. Is 11 a factor of w(s)?
True
Let j(u) = u**3 + 4*u**2 - 5*u + 7. Let w be j(-5). Suppose 5*o - w*o + 12 = 0. Is 2 a factor of o?
True
Let y = 5 - 11. Let j(o) = o. Let c(f) = f**2 - 17*f + 7. Let w(i) = y*j(i) - c(i). Is w(7) a multiple of 14?
False
Suppose -1292 = -8*b - 452. Does 7 divide b?
True
Let p be (-3)/(2/3 - 1). Let d = -129 - -198. Does 3 divide (-2)/(-6) + d/p?
False
Suppose 4*x = -n - 3*n + 16, -4*n - 12 = -3*x. Suppose -p = n, -3*r + 37 = -5*p - 26. Is 10 a factor of r/3*48/14?
False
Suppose -3*b - 5 = 2*r - 3*r, 25 = 5*r + 5*b. Let h(a) = -a + 3. Let x be h(r). Let z = 7 + x. Is z even?
False
Let u(y) = -y**2 + 31*y - 37. Is u(17) a multiple of 29?
False
Let z = -77 - -237. Is 14 a factor of z?
False
Let h = 1 + -6. Let j = 15 + h. Suppose r + 5 = j. Is r even?
False
Let z(g) = g**3 + 5*g**2 + 3*g - 3. Let k(d) = -4*d**3 + d**2 - 2*d + 1. Let v be k(1). Let r be z(v). Is 2 a factor of (r - 0)/((-1)/(-2))?
True
Let u(i) = -14*i + 2. Let a be u(-2). Let j = 0 + a. Is 10 a factor of j?
True
Suppose -3*b = -i - 89 + 27, 4*b - 3*i = 91. Does 9 divide b?
False
Suppose -5*u + 4*a + 348 + 231 = 0, -2*a - 230 = -2*u. Is 17 a factor of u?
True
Let v(a) = -a + 1. Let c be v(-4). Suppose -3*i = -4*i + c. Suppose -y - 2*y + 68 = i*t, 3*t = -5*y + 28. Is t a multiple of 10?
False
Let j(u) = u - 7. Let a be j(5). Let s be (3/(-3))/(a/6). Let g = s + 4. Is g a multiple of 5?
False
Let n = 11 - -26. Suppose -3 = 2*d - 5*x - n, 4*x = 2*d - 38. Does 6 divide d?
False
Suppose 3*k - 75 = -3*u, 3*u - 3*k + k = 80. Does 17 divide u?
False
Suppose 0*l = 3*l + 69. Let v be 2/5 + l/(-5). Suppose -v*n + 10*n + 5*c - 150 = 0, 0 = 3*n - 5*c - 106. Is n a multiple of 15?
False
Let d(k) = -k**2 + 2*k + 229. Does 13 divide d(0)?
False
Suppose 6*t - 4*t = 2. Is 8 a factor of (t/2)/((-1)/(-60))?
False
Let z(b) = -5*b. Let y be z(-1). Let o be ((-2)/y)/(6/30). Does 9 divide o + 0 + 24 + 1?
False
Let c(x) be the second derivative of x**6/60 + x**5/60 - x**4/8 + x**3/3 + x**2 + x. Let j(v) be the first derivative of c(v). Is 8 a factor of j(2)?
True
Let d(o) = o**3 + 6. Is d(0) a multiple of 2?
True
Let z(i) = i**2 - 7*i + 3. Let a be z(6). Let u = 4 + a. Is 26 a factor of u - 153/(-6)*2?
True
Let a = -46 - -118. Is a a multiple of 13?
False
Suppose 3*g = 4*o + 67, -2*o = o + 3*g + 45. Let x = 22 + o. Is x a multiple of 6?
True
Suppose -2*a + 2*v + 134 = 0, 2*a - 3*v - 67 - 64 = 0. Is 14 a factor of a?
True
Is (-4)/(-6) + (-160)/(-12) a multiple of 3?
False
Let j(z) = 6*z**3 + z**2 + 2. Does 6 divide j(2)?
True
Suppose a + 0*a - 11 = 0. Let d = a - -5. Is 13 a factor of d?
False
Let z = 66 - 29. Does 21 divide z?
False
Let r(s) = s + 8*s**2 + 8*s**3 - 6*s**2 - 41*s**3. Does 10 divide r(-1)?
False
Let u = 234 - 118. Is u a multiple of 29?
True
Let y(r) = -16*r**2 + 3*r + 1. Let t = 0 - 1. Let f(m) = -m**2 - m. Let o(g) = t*y(g) - 2*f(g). Is o(-1) a multiple of 13?
False
Suppose 6 = -3*y + y. Let b(q) = -16*q + 27*q - 14*q - q**2 + 4. Does 4 divide b(y)?
True
Suppose -3*c + 13 = 1. Suppose 26 = 2*k + 4*h, 4*k + c*h - h - 27 = 0. Suppose -5*i - 5*f = -2*i - 41, 3*i - 51 = -k*f. Is 22 a factor of i?
True
Let t = 153 + -92. Suppose -134 = 5*d + 4*q, -2*q - 62 = 2*d - 8. Let y = d + t. Is 17 a factor of y?
False
Is 7 a factor of 13 - -17 - 0/2?
False
Let l(a) = -5*a**2 - 2*a - 5. Let f be l(-5). Let b = f + 171. Is b a multiple of 17?
True
Let s = -45 + 77. Does 32 divide s?
True
Does 11 divide 18*-1*((-56)/12 - -1)?
True
Suppose -3*y = -4*y + 9. Let q = -7 + y. Suppose 19 = q*n - 11. Is 7 a factor of n?
False
Let c = 24 - 30. Let l(g) = -2 + 7*g**2 - 3 + g**3 + 4*g + 2. Is l(c) a multiple of 9?
True
Let u be 6/(-3 + (-34)/(-10)). Does 4 divide -9*2/u*-5?
False
Suppose -u - 4*u = -5*w + 40, 25 = -5*u. Is 12/1